b
-b10 (base 12) to base 16
-63c
413713 (base 8) to base 5
13342123
What is -d4243 (base 14) in base 2?
-1111100101101110011
Convert 1666555 (base 10) to base 5.
411312210
31332523 (base 6) to base 10
914307
Convert 2112202111 (base 3) to base 13.
19a7a
Convert -143938 (base 10) to base 9.
-238401
1102002120221 (base 3) to base 15
ec297
Convert 11001001000100111 (base 2) to base 14.
29739
Convert -44523241 (base 7) to base 14.
-724b21
-23334242 (base 5) to base 12
-a4483
231433534 (base 6) to base 9
8045144
Convert c442c3 (base 13) to base 15.
606b4a
What is -173b (base 15) in base 8?
-11616
Convert -1e00e2 (base 15) to base 6.
-51245505
Convert -96871b (base 12) to base 11.
-1385219
Convert -3583280 (base 11) to base 5.
-3044211024
What is -a9663a (base 12) in base 4?
-22033310032
What is 63857 (base 9) in base 5?
2323003
1278d (base 14) to base 3
2022021112
Convert -1184600 (base 11) to base 9.
-3773011
1314541031 (base 6) to base 11
8904110
What is -7c906b (base 15) in base 12?
-1bb1455
Convert 20a4bc (base 13) to base 4.
2322313023
What is 619266 (base 12) in base 13?
417321
What is 114011 (base 11) in base 6?
3514032
What is -3124344 (base 5) in base 3?
-2122010100
-101022100022 (base 3) to base 4
-301202201
Convert -10011101011000111000 (base 2) to base 9.
-1182273
-2606433 (base 9) to base 16
-15b250
What is -11a5ac (base 15) in base 8?
-3162355
-190930 (base 11) to base 12
-122132
15606 (base 7) to base 15
1496
Convert 81943c (base 15) to base 4.
113133022131
Convert -3c61a9 (base 14) to base 16.
-1fe909
What is -380a3 (base 13) in base 6?
-2114400
731487 (base 10) to base 5
141401422
115914 (base 10) to base 9
186003
What is 77c0 (base 13) in base 11?
11619
4193a6 (base 11) to base 2
10100011111001000111
Convert 113120001222 (base 4) to base 8.
27300152
Convert 353656 (base 8) to base 5.
12331000
What is -22365041 (base 9) in base 11?
-6140031
-3210300010 (base 4) to base 10
-936964
What is cb47b (base 14) in base 13?
142c86
What is -1347991 (base 11) in base 8?
-10672510
Convert -260748 (base 9) to base 11.
-a8845
-ba832 (base 12) to base 15
-4d0cb
-353821 (base 10) to base 14
-92d2d
-52206 (base 8) to base 13
-9b06
What is -20442 (base 10) in base 5?
-1123232
532378 (base 9) to base 11
1a6a3a
What is 120300133 (base 5) in base 3?
1001021002110
What is -11010121111220 (base 3) in base 14?
-412860
Convert 41c140 (base 16) to base 3.
22002221021011
What is 2051041 (base 8) in base 7?
4430556
What is -1315003342 (base 6) in base 14?
-210c394
Convert -1012331303 (base 4) to base 3.
-112202201202
611448 (base 9) to base 4
1120113200
Convert -241353 (base 7) to base 12.
-21396
Convert 122073 (base 13) to base 6.
13140103
5151204 (base 6) to base 16
3c814
Convert 6066560 (base 8) to base 7.
16415201
556c17 (base 15) to base 2
1111100010011000001100
Convert 1569806 (base 10) to base 2.
101111111010000001110
155622130 (base 7) to base 10
10577161
Convert 12101020211 (base 3) to base 15.
21594
-15e03 (base 15) to base 8
-211775
Convert -30320312021 (base 4) to base 5.
-1331103234
2013341203 (base 5) to base 6
222354555
-766c3 (base 13) to base 3
-101212221101
-81995 (base 10) to base 9
-134425
-1664334 (base 8) to base 14
-c8d76
Convert 14b65a (base 12) to base 15.
6e32d
-2112020022 (base 3) to base 12
-24952
Convert 270462 (base 10) to base 16.
4207e
188819 (base 13) to base 14
1216b1
56043347 (base 8) to base 12
4064a5b
What is 7385258 (base 10) in base 5?
3342312013
5553154 (base 6) to base 10
279358
What is -f6eb28 (base 16) in base 13?
-34776a7
9b05 (base 12) to base 13
7a57
What is 15420531 (base 6) in base 3?
1000210111101
-1354c3 (base 14) to base 3
-1020220222101
What is aba8d (base 14) in base 12?
180ba5
What is -567db (base 16) in base 8?
-1263733
-346196 (base 11) to base 10
-549929
-1696136 (base 11) to base 16
-2be956
Convert -408aed (base 15) to base 3.
-12202211002121
Convert 17674 (base 11) to base 2.
110000010111101
2aa7821 (base 13) to base 4
310021020310
Convert -3e8dab (base 16) to base 9.
-7637408
-3224629 (base 10) to base 13
-88b985
What is -6b3766 (base 13) in base 15?
-35575c
-4214324 (base 6) to base 11
-12a683
Convert -5547430 (base 9) to base 14.
-579736
Convert 1270775 (base 8) to base 2.
1010111000111111101
What is -111210201 (base 4) in base 11?
-60421
-6699 (base 15) to base 7
-120252
What is 32403301 (base 5) in base 13?
99a4c
What is 215241 (base 9) in base 11?
88601
1175046 (base 8) to base 4
1033220212
-332441354 (base 6) to base 12
-201925a
What is 14dd46 (base 16) in base 10?
1367366
43439 (base 11) to base 7
351626
Convert 11100001001011111 (base 2) to base 10.
115295
What is 133684 (base 11) in base 9?
348684
What is 1373755 (base 8) in base 5?
100004044
Convert 4414011 (base 5) to base 15.
17856
13b3 (base 13) to base 10
2850
17a9b63 (base 12) to base 8
22710473
What is 32112220 (base 4) in base 3?
2222122111
Convert 7b5671 (base 13) to base 2.
1011001010001100000001
What is 7873685 (base 9) in base 4?
100023130010
-166c0 (base 16) to base 6
-1545104
24635206 (base 7) to base 14
41db06
What is -43420 (base 6) in base 9?
-8183
-13010232301 (base 4) to base 5
-433320020
Convert 1337715 (base 8) to base 3.
201010211212
Convert 34503513 (base 8) to base 11.
426719a
What is -d198 (base 16) in base 11?
-37349
What is 425142541 (base 6) in base 9?
15138577
Convert -4a4361 (base 11) to base 14.
-16a316
Convert 20335515 (base 6) to base 14.
1145b9
43a53 (base 14) to base 5
20221204
1451220 (base 10) to base 9
2651626
Convert 121110101020210 (base 3) to base 8.
41273345
Convert 101213322103 (base 4) to base 5.
2140314143
Convert -202232211 (base 4) to base 5.
-14022440
Convert -642063 (base 8) to base 12.
-a3a6b
Convert 69ce0 (base 15) to base 6.
11120203
What is 3365430 (base 7) in base 5?
101412311
Convert -430414210 (base 5) to base 11.
-102732a
Convert 1714304 (base 12) to base 13.
ca694b
Convert -55125430 (base 6) to base 3.
-10002112221000
Convert -a806a5 (base 12) to base 16.
-2883dd
Convert 14d94b (base 16) to base 7.
14420343
-11000100002201 (base 3) to base 14
-3d7182
Convert 2112111110222 (base 3) to base 12.
5502bb
Convert -3563c (base 13) to base 6.
-2032245
Convert 1a904 (base 16) to base 4.
122210010
-101120211011222 (base 3) to base 14
-a6632b
-224086 (base 12) to base 9
-1022153
What is -238a42 (base 16) in base 13?
-6371c9
Convert -2056304 (base 8) to base 5.
-120014121
Convert -11a609 (base 14) to base 15.
-be345
1662045 (base 7) to base 14
611cc
Convert 1bd21b (base 14) to base 4.
3303102021
746070 (base 9) to base 13
127149
Convert -34251643 (base 8) to base 11.
-4212aaa
What is -1411044 (base 6) in base 8?
-232704
24da5 (base 15) to base 11
80589
What is 18b57 (base 13) in base 16?
bbc4
-494487 (base 12) to base 13
-328594
What is 1101011100111000110011 (base 2) in base 6?
203324551
Convert -dd04 (base 14) to base 5.
-2210344
-5189176 (base 10) to base 8
-23627070
514842 (base 14) to base 7
32201512
Convert 88142 (base 12) to base 8.
537302
What is 187770 (base 10) in base 2?
101101110101111010
Convert 100101011010101010010 (base 2) to base 6.
42140122
What is -1240575 (base 10) in base 14?
-244167
What is 38db60 (base 15) in base 11?
15a4843
Convert -111120211000010 (base 3) to base 8.
-33425463
What is 212110300 (base 4) in base 15?
317a1
What is 103325 (base 8) in base 9?
52312
Convert -303233034 (base 6) to base 8.
-23652116
Convert -302140 (base 8) to base 11.
-68776
What is 1301948 (base 11) in base 10?
2257186
What is -1212101201 (base 4) in base 15?
-841c8
Convert -11010001011000101001 (base 2) to base 10.
-857641
What is 110111010111111100 (base 2) in base 6?
4510020
Convert -1174317 (base 12) to base 15.
-46d9c1
What is -465353 (base 7) in base 2?
-10100011001001110
Convert -7b4918 (base 14) to base 7.
-50462131
60059 (base 12) to base 6
2400153
100200112101 (base 3) to base 12
92401
-a5150 (base 16) to base 8
-2450520
Convert -22010222100 (base 3) to base 11.
-aa534
Convert 11432333 (base 5) to base 15.
22213
Convert -3110033223 (base 4) to base 6.
-30344443
What is 112203003 (base 4) in base 15?
1c570
What is -9448488 (base 10) in base 5?
-4404322423
Convert -1313032 (base 7) to base 14.
-46719
7b7053 (base 13) to base 9
5453336
What is 1011010000000 (base 2) in base 16?
16